{"id":725,"date":"2017-01-01T00:00:12","date_gmt":"2017-01-01T00:00:12","guid":{"rendered":"http:\/\/import.getbowtied.com\/shopkeeper-replicaproduct\/t-shirt\/"},"modified":"2020-11-18T15:23:33","modified_gmt":"2020-11-18T14:23:33","slug":"t-shirt","status":"publish","type":"product","link":"https:\/\/tasteofthewildpetfood.eu\/index.php\/produit\/t-shirt\/","title":{"rendered":""},"content":{"rendered":"","protected":false},"excerpt":{"rendered":"<h3>Taste of the Wild PREY \u2014 Formule \u00e0 la Dinde pour Chiens, avec 4 ingr\u00e9dients cl\u00e9s.<\/h3>\n<h3>Composition<\/h3>\n<p>Dinde (56%), lentilles (40%), marc de tomate, huile de tournesol \u2014 ar\u00f4me naturel, phosphate dicalcique, huile de saumon (source de DHA), sel,DL-m\u00e9thionine, chlorure de choline, taurine, produit s\u00e9ch\u00e9 issu de la fermentationde Lactobacillus acidophilus, produit s\u00e9ch\u00e9 issu de la fermentation deBifidobacterium animalis, produit s\u00e9ch\u00e9 issu de la fermentation de Lactobacillusreuteri, suppl\u00e9ment de vitamine E, prot\u00e9inate de fer, prot\u00e9inate de zinc, prot\u00e9inatede cuivre, sulfate de fer, sulfate de zinc, sulfate de cuivre, iodure de potassium,mononitrate de thiamine (vitamine B1), prot\u00e9inate de mangan\u00e8se, oxyde demangan\u00e8se, acide ascorbique (vitamine C), suppl\u00e9ment de vitamine A, biotine(vitamine B7), niacine (vitamine B3), pantoth\u00e9nate de calcium (vitamine B5),sulfate de mangan\u00e8se, s\u00e9l\u00e9nite de sodium, chlorhydrate de pyridoxine (vitamineB6), suppl\u00e9ment de vitamine B12, riboflavine (vitamine B2), suppl\u00e9ment devitamine D3, acide folique.<\/p>\n<p><em>Contient une source de micro-organismes vivants naturellement pr\u00e9sents.<\/em><\/p>\n<h3>Valeur \u00e9nerg\u00e9tique<\/h3>\n<p>\u00c9nergie m\u00e9tabolisable calcul\u00e9e : 3 670 kcal\/kg<\/p>\n<h3>D\u00e9claration AAFCO<\/h3>\n<p>L\u2019aliment complet Taste of the Wild PREY Turkey Formula pour chiens \u00e0 la dinde a \u00e9t\u00e9 formul\u00e9 conform\u00e9ment aux profils nutritionnels d\u2019alimentation canine pour chiens de tous \u00e2ges \u00e9tablis par l\u2019AAFCO et convient \u00e9galement aux chiens de grandes races en p\u00e9riode de croissance (pesant plus de 30 kgs \u00e0 l\u2019\u00e2ge adulte)<\/p>\n<p>Pour davantage d&#8217;information, t\u00e9l\u00e9charger notre brochure <a href=\"https:\/\/www.dropbox.com\/s\/w9ipxxe7ge487zr\/Taste%20of%20the%20Wild%20Prey%20-%20Brochure%20Web%20%28EN%29.pdf?dl=0\">TasteoftheWildPREY<\/a>.<\/p>\n<p>Made in USA, fi\u00e8rement produit aux Etats-Unis par Diamond Pet Foods Inc., <a href=\"https:\/\/www.youtube.com\/watch?v=v09wHpigryk&amp;ab_channel=DiamondPetFoods\">visitez nos cuisines<\/a>.<\/p>\n","protected":false},"featured_media":3085,"comment_status":"closed","ping_status":"closed","template":"","meta":[],"_links":{"self":[{"href":"https:\/\/tasteofthewildpetfood.eu\/index.php\/wp-json\/wp\/v2\/product\/725"}],"collection":[{"href":"https:\/\/tasteofthewildpetfood.eu\/index.php\/wp-json\/wp\/v2\/product"}],"about":[{"href":"https:\/\/tasteofthewildpetfood.eu\/index.php\/wp-json\/wp\/v2\/types\/product"}],"replies":[{"embeddable":true,"href":"https:\/\/tasteofthewildpetfood.eu\/index.php\/wp-json\/wp\/v2\/comments?post=725"}],"wp:featuredmedia":[{"embeddable":true,"href":"https:\/\/tasteofthewildpetfood.eu\/index.php\/wp-json\/wp\/v2\/media\/3085"}],"wp:attachment":[{"href":"https:\/\/tasteofthewildpetfood.eu\/index.php\/wp-json\/wp\/v2\/media?parent=725"}],"curies":[{"name":"wp","href":"https:\/\/api.w.org\/{rel}","templated":true}]}}