{"id":529,"date":"2017-01-10T23:57:03","date_gmt":"2017-01-10T23:57:03","guid":{"rendered":"http:\/\/import.getbowtied.com\/shopkeeper-replica?page_id=529"},"modified":"2020-11-18T17:23:17","modified_gmt":"2020-11-18T16:23:17","slug":"home-classic-1","status":"publish","type":"page","link":"https:\/\/tasteofthewildpetfood.eu\/","title":{"rendered":"Home \u2014 Classic eCommerce 1"},"content":{"rendered":"<p>[vc_row full_width=&#8221;stretch_row_content_no_spaces&#8221; equal_height=&#8221;yes&#8221; css_animation=&#8221;fadeIn&#8221;][vc_column css=&#8221;.vc_custom_1605622537190{background-image: url(http:\/\/tasteofthewildpetfood.eu\/wp-content\/uploads\/2020\/11\/Taste-of-the-Wild-PREY-1.jpg?id=3041) !important;background-position: center !important;background-repeat: no-repeat !important;background-size: cover !important;}&#8221;][vc_single_image image=&#8221;3035&#8243; img_size=&#8221;medium&#8221; alignment=&#8221;center&#8221;][vc_column_text css=&#8221;.vc_custom_1605625129896{background-position: center !important;background-repeat: no-repeat !important;background-size: contain !important;}&#8221;]<\/p>\n<h3 style=\"text-align: center; color: #ffffff;\"><strong>The pursuit of simplicity.<\/strong><\/h3>\n<p>[\/vc_column_text][vc_column_text css=&#8221;.vc_custom_1605711428006{padding-right: 400px !important;padding-bottom: 100px !important;padding-left: 400px !important;background-position: center !important;background-repeat: no-repeat !important;background-size: contain !important;}&#8221;]<\/p>\n<p style=\"text-align: center; color: #ffffff;\"><strong>\u00c0 l\u2019\u00e9tat sauvage, nos animaux se nourrissaient d\u2019un r\u00e9gime simple, essentiellement compos\u00e9 de proies chass\u00e9es. Aujourd\u2019hui, les r\u00f4les sont invers\u00e9s et c\u2019est vous qui devez parfois entreprendre une v\u00e9ritable chasse pour trouver une alimentation simple et compl\u00e8te \u00e0 donner \u00e0 votre chat ou chien. C\u2019est pour cela que nous avons cr\u00e9\u00e9 les aliments Taste of the Wild PREY \u2014 compos\u00e9s d\u2019un nombre limit\u00e9 d\u2019ingr\u00e9dients. Il s\u2019agit d\u2019une approche simplifi\u00e9e de l\u2019alimentation animale, bas\u00e9e sur le r\u00e9gime alimentaire originel des chiens et chats.<\/strong><\/p>\n<p>[\/vc_column_text][\/vc_column][\/vc_row][vc_row css_animation=&#8221;fadeIn&#8221; css=&#8221;.vc_custom_1605716595356{margin-bottom: 40px !important;}&#8221;][vc_column css=&#8221;.vc_custom_1605626127678{margin-top: 40px !important;}&#8221;]<div class=\"woocommerce columns-3 \"><ul class=\"products columns-3\">\n<li class=\"product type-product post-725 status-publish first instock product_cat-formules-pour-chiens product_cat-taste-of-the-wild-prey has-post-thumbnail shipping-taxable product-type-simple\">\n\n\t\n    <div class=\"product_thumbnail_wrapper \">\n\n\t\t<a href=\"https:\/\/tasteofthewildpetfood.eu\/index.php\/produit\/t-shirt\/\" class=\"woocommerce-LoopProduct-link woocommerce-loop-product__link\">\n\n\t        <div class=\"product_thumbnail with_second_image\">\n\t            <span class=\"product_thumbnail_background\" style=\"background-image:url(https:\/\/tasteofthewildpetfood.eu\/wp-content\/uploads\/2020\/11\/wp-content_uploads_2017_09_prey-turkey-dog-bag-front-100220-350x435.png)\"><\/span>\n\t            <img width=\"350\" height=\"435\" src=\"https:\/\/tasteofthewildpetfood.eu\/wp-content\/uploads\/2017\/01\/PREY-TurkeyDog-FR-350x435.png\" class=\"attachment-woocommerce_thumbnail size-woocommerce_thumbnail\" alt=\"\" loading=\"lazy\" \/>\t        <\/div><!--.product_thumbnail-->\n\t\t<\/a>\n\n\t\t\t\t\t\t\t\n\t\t\n\t\t        <div class=\"product_thumbnail_icons\">\n            <a href=\"#\" id=\"product_id_725\" class=\"product_quickview_button\" data-product_id=\"725\"><\/a>                            <div class=\"icons-separator\"><\/div>\n                        \n<div class=\"yith-wcwl-add-to-wishlist add-to-wishlist-725  wishlist-fragment on-first-load\" data-fragment-ref=\"725\" data-fragment-options=\"{&quot;base_url&quot;:&quot;&quot;,&quot;in_default_wishlist&quot;:false,&quot;is_single&quot;:false,&quot;show_exists&quot;:false,&quot;product_id&quot;:725,&quot;parent_product_id&quot;:725,&quot;product_type&quot;:&quot;simple&quot;,&quot;show_view&quot;:false,&quot;browse_wishlist_text&quot;:&quot;Voir la liste d\\u2019envies&quot;,&quot;already_in_wishslist_text&quot;:&quot;Le produit est d\\u00e9j\\u00e0 dans votre liste de souhaits\\u00a0!&quot;,&quot;product_added_text&quot;:&quot;Produit ajout\\u00e9 !&quot;,&quot;heading_icon&quot;:&quot;fa-heart-o&quot;,&quot;available_multi_wishlist&quot;:false,&quot;disable_wishlist&quot;:false,&quot;show_count&quot;:false,&quot;ajax_loading&quot;:false,&quot;loop_position&quot;:&quot;after_add_to_cart&quot;,&quot;item&quot;:&quot;add_to_wishlist&quot;}\">\n\t\t\t\n\t\t\t<!-- ADD TO WISHLIST -->\n\t\t\t\n<div class=\"yith-wcwl-add-button\">\n\t<a href=\"?add_to_wishlist=725\" rel=\"nofollow\" data-product-id=\"725\" data-product-type=\"simple\" data-original-product-id=\"725\" class=\"add_to_wishlist single_add_to_wishlist\" data-title=\"Ajouter \u00e0 la liste d\u2019envies\">\n\t\t<i class=\"yith-wcwl-icon fa fa-heart-o\"><\/i>\t\t<span>Ajouter \u00e0 la liste d\u2019envies<\/span>\n\t<\/a>\n<\/div>\n\t\t\t<!-- COUNT TEXT -->\n\t\t\t\n\t\t\t<\/div>        <\/div>\n    \n\t\t\n    <\/div><!--.product_thumbnail_wrapper-->\n\n    \n\t<h2 class=\"woocommerce-loop-product__title\">\n\t\t<a href=\"https:\/\/tasteofthewildpetfood.eu\/index.php\/produit\/t-shirt\/\"><\/a>\n\t<\/h2>\n\n\t\n        <div class=\"product_after_shop_loop\">\n        <div class=\"product_after_shop_loop_switcher\">\n    \n            \n\n            <\/div>\n    <\/div>\n    \n\t\n<\/li>\n<li class=\"product type-product post-3089 status-publish instock product_cat-formules-pour-chiens product_cat-taste-of-the-wild-prey has-post-thumbnail shipping-taxable product-type-simple\">\n\n\t\n    <div class=\"product_thumbnail_wrapper \">\n\n\t\t<a href=\"https:\/\/tasteofthewildpetfood.eu\/index.php\/produit\/copie\/\" class=\"woocommerce-LoopProduct-link woocommerce-loop-product__link\">\n\n\t        <div class=\"product_thumbnail with_second_image\">\n\t            <span class=\"product_thumbnail_background\" style=\"background-image:url(https:\/\/tasteofthewildpetfood.eu\/wp-content\/uploads\/2020\/11\/Taste-of-the-Wild-I-Whole-Prey-I-Dog-Trout-350x435.jpg)\"><\/span>\n\t            <img width=\"350\" height=\"435\" src=\"https:\/\/tasteofthewildpetfood.eu\/wp-content\/uploads\/2017\/01\/PREY-TroutDog-FR-350x435.jpg\" class=\"attachment-woocommerce_thumbnail size-woocommerce_thumbnail\" alt=\"\" loading=\"lazy\" \/>\t        <\/div><!--.product_thumbnail-->\n\t\t<\/a>\n\n\t\t\t\t\t\t\t\n\t\t\n\t\t        <div class=\"product_thumbnail_icons\">\n            <a href=\"#\" id=\"product_id_3089\" class=\"product_quickview_button\" data-product_id=\"3089\"><\/a>                            <div class=\"icons-separator\"><\/div>\n                        \n<div class=\"yith-wcwl-add-to-wishlist add-to-wishlist-3089  wishlist-fragment on-first-load\" data-fragment-ref=\"3089\" data-fragment-options=\"{&quot;base_url&quot;:&quot;&quot;,&quot;in_default_wishlist&quot;:false,&quot;is_single&quot;:false,&quot;show_exists&quot;:false,&quot;product_id&quot;:3089,&quot;parent_product_id&quot;:3089,&quot;product_type&quot;:&quot;simple&quot;,&quot;show_view&quot;:false,&quot;browse_wishlist_text&quot;:&quot;Voir la liste d\\u2019envies&quot;,&quot;already_in_wishslist_text&quot;:&quot;Le produit est d\\u00e9j\\u00e0 dans votre liste de souhaits\\u00a0!&quot;,&quot;product_added_text&quot;:&quot;Produit ajout\\u00e9 !&quot;,&quot;heading_icon&quot;:&quot;fa-heart-o&quot;,&quot;available_multi_wishlist&quot;:false,&quot;disable_wishlist&quot;:false,&quot;show_count&quot;:false,&quot;ajax_loading&quot;:false,&quot;loop_position&quot;:&quot;after_add_to_cart&quot;,&quot;item&quot;:&quot;add_to_wishlist&quot;}\">\n\t\t\t\n\t\t\t<!-- ADD TO WISHLIST -->\n\t\t\t\n<div class=\"yith-wcwl-add-button\">\n\t<a href=\"?add_to_wishlist=3089\" rel=\"nofollow\" data-product-id=\"3089\" data-product-type=\"simple\" data-original-product-id=\"3089\" class=\"add_to_wishlist single_add_to_wishlist\" data-title=\"Ajouter \u00e0 la liste d\u2019envies\">\n\t\t<i class=\"yith-wcwl-icon fa fa-heart-o\"><\/i>\t\t<span>Ajouter \u00e0 la liste d\u2019envies<\/span>\n\t<\/a>\n<\/div>\n\t\t\t<!-- COUNT TEXT -->\n\t\t\t\n\t\t\t<\/div>        <\/div>\n    \n\t\t\n    <\/div><!--.product_thumbnail_wrapper-->\n\n    \n\t<h2 class=\"woocommerce-loop-product__title\">\n\t\t<a href=\"https:\/\/tasteofthewildpetfood.eu\/index.php\/produit\/copie\/\"><\/a>\n\t<\/h2>\n\n\t\n        <div class=\"product_after_shop_loop\">\n        <div class=\"product_after_shop_loop_switcher\">\n    \n            \n\n            <\/div>\n    <\/div>\n    \n\t\n<\/li>\n<li class=\"product type-product post-3091 status-publish last instock product_cat-formules-pour-chiens product_cat-taste-of-the-wild-prey has-post-thumbnail shipping-taxable product-type-simple\">\n\n\t\n    <div class=\"product_thumbnail_wrapper \">\n\n\t\t<a href=\"https:\/\/tasteofthewildpetfood.eu\/index.php\/produit\/3091\/\" class=\"woocommerce-LoopProduct-link woocommerce-loop-product__link\">\n\n\t        <div class=\"product_thumbnail with_second_image\">\n\t            <span class=\"product_thumbnail_background\" style=\"background-image:url(https:\/\/tasteofthewildpetfood.eu\/wp-content\/uploads\/2020\/11\/Taste-of-the-Wild-I-Whole-Prey-I-Dog-Angus-350x435.jpg)\"><\/span>\n\t            <img width=\"350\" height=\"435\" src=\"https:\/\/tasteofthewildpetfood.eu\/wp-content\/uploads\/2020\/11\/PREY-AngusDog-FR-350x435.jpg\" class=\"attachment-woocommerce_thumbnail size-woocommerce_thumbnail\" alt=\"\" loading=\"lazy\" \/>\t        <\/div><!--.product_thumbnail-->\n\t\t<\/a>\n\n\t\t\t\t\t\t\t\n\t\t\n\t\t        <div class=\"product_thumbnail_icons\">\n            <a href=\"#\" id=\"product_id_3091\" class=\"product_quickview_button\" data-product_id=\"3091\"><\/a>                            <div class=\"icons-separator\"><\/div>\n                        \n<div class=\"yith-wcwl-add-to-wishlist add-to-wishlist-3091  wishlist-fragment on-first-load\" data-fragment-ref=\"3091\" data-fragment-options=\"{&quot;base_url&quot;:&quot;&quot;,&quot;in_default_wishlist&quot;:false,&quot;is_single&quot;:false,&quot;show_exists&quot;:false,&quot;product_id&quot;:3091,&quot;parent_product_id&quot;:3091,&quot;product_type&quot;:&quot;simple&quot;,&quot;show_view&quot;:false,&quot;browse_wishlist_text&quot;:&quot;Voir la liste d\\u2019envies&quot;,&quot;already_in_wishslist_text&quot;:&quot;Le produit est d\\u00e9j\\u00e0 dans votre liste de souhaits\\u00a0!&quot;,&quot;product_added_text&quot;:&quot;Produit ajout\\u00e9 !&quot;,&quot;heading_icon&quot;:&quot;fa-heart-o&quot;,&quot;available_multi_wishlist&quot;:false,&quot;disable_wishlist&quot;:false,&quot;show_count&quot;:false,&quot;ajax_loading&quot;:false,&quot;loop_position&quot;:&quot;after_add_to_cart&quot;,&quot;item&quot;:&quot;add_to_wishlist&quot;}\">\n\t\t\t\n\t\t\t<!-- ADD TO WISHLIST -->\n\t\t\t\n<div class=\"yith-wcwl-add-button\">\n\t<a href=\"?add_to_wishlist=3091\" rel=\"nofollow\" data-product-id=\"3091\" data-product-type=\"simple\" data-original-product-id=\"3091\" class=\"add_to_wishlist single_add_to_wishlist\" data-title=\"Ajouter \u00e0 la liste d\u2019envies\">\n\t\t<i class=\"yith-wcwl-icon fa fa-heart-o\"><\/i>\t\t<span>Ajouter \u00e0 la liste d\u2019envies<\/span>\n\t<\/a>\n<\/div>\n\t\t\t<!-- COUNT TEXT -->\n\t\t\t\n\t\t\t<\/div>        <\/div>\n    \n\t\t\n    <\/div><!--.product_thumbnail_wrapper-->\n\n    \n\t<h2 class=\"woocommerce-loop-product__title\">\n\t\t<a href=\"https:\/\/tasteofthewildpetfood.eu\/index.php\/produit\/3091\/\"><\/a>\n\t<\/h2>\n\n\t\n        <div class=\"product_after_shop_loop\">\n        <div class=\"product_after_shop_loop_switcher\">\n    \n            \n\n            <\/div>\n    <\/div>\n    \n\t\n<\/li>\n<\/ul>\n<\/div><div class=\"woocommerce columns-2 \"><ul class=\"products columns-2\">\n<li class=\"product type-product post-3094 status-publish first instock product_cat-formules-pour-chats product_cat-taste-of-the-wild-prey has-post-thumbnail shipping-taxable product-type-simple\">\n\n\t\n    <div class=\"product_thumbnail_wrapper \">\n\n\t\t<a href=\"https:\/\/tasteofthewildpetfood.eu\/index.php\/produit\/3094\/\" class=\"woocommerce-LoopProduct-link woocommerce-loop-product__link\">\n\n\t        <div class=\"product_thumbnail with_second_image\">\n\t            <span class=\"product_thumbnail_background\" style=\"background-image:url(https:\/\/tasteofthewildpetfood.eu\/wp-content\/uploads\/2020\/11\/Taste-of-the-Wild-I-Whole-Prey-I-Cat-Angus-350x435.jpg)\"><\/span>\n\t            <img width=\"350\" height=\"435\" src=\"https:\/\/tasteofthewildpetfood.eu\/wp-content\/uploads\/2020\/11\/PREY-AngusCat-FR-350x435.jpg\" class=\"attachment-woocommerce_thumbnail size-woocommerce_thumbnail\" alt=\"\" loading=\"lazy\" \/>\t        <\/div><!--.product_thumbnail-->\n\t\t<\/a>\n\n\t\t\t\t\t\t\t\n\t\t\n\t\t        <div class=\"product_thumbnail_icons\">\n            <a href=\"#\" id=\"product_id_3094\" class=\"product_quickview_button\" data-product_id=\"3094\"><\/a>                            <div class=\"icons-separator\"><\/div>\n                        \n<div class=\"yith-wcwl-add-to-wishlist add-to-wishlist-3094  wishlist-fragment on-first-load\" data-fragment-ref=\"3094\" data-fragment-options=\"{&quot;base_url&quot;:&quot;&quot;,&quot;in_default_wishlist&quot;:false,&quot;is_single&quot;:false,&quot;show_exists&quot;:false,&quot;product_id&quot;:3094,&quot;parent_product_id&quot;:3094,&quot;product_type&quot;:&quot;simple&quot;,&quot;show_view&quot;:false,&quot;browse_wishlist_text&quot;:&quot;Voir la liste d\\u2019envies&quot;,&quot;already_in_wishslist_text&quot;:&quot;Le produit est d\\u00e9j\\u00e0 dans votre liste de souhaits\\u00a0!&quot;,&quot;product_added_text&quot;:&quot;Produit ajout\\u00e9 !&quot;,&quot;heading_icon&quot;:&quot;fa-heart-o&quot;,&quot;available_multi_wishlist&quot;:false,&quot;disable_wishlist&quot;:false,&quot;show_count&quot;:false,&quot;ajax_loading&quot;:false,&quot;loop_position&quot;:&quot;after_add_to_cart&quot;,&quot;item&quot;:&quot;add_to_wishlist&quot;}\">\n\t\t\t\n\t\t\t<!-- ADD TO WISHLIST -->\n\t\t\t\n<div class=\"yith-wcwl-add-button\">\n\t<a href=\"?add_to_wishlist=3094\" rel=\"nofollow\" data-product-id=\"3094\" data-product-type=\"simple\" data-original-product-id=\"3094\" class=\"add_to_wishlist single_add_to_wishlist\" data-title=\"Ajouter \u00e0 la liste d\u2019envies\">\n\t\t<i class=\"yith-wcwl-icon fa fa-heart-o\"><\/i>\t\t<span>Ajouter \u00e0 la liste d\u2019envies<\/span>\n\t<\/a>\n<\/div>\n\t\t\t<!-- COUNT TEXT -->\n\t\t\t\n\t\t\t<\/div>        <\/div>\n    \n\t\t\n    <\/div><!--.product_thumbnail_wrapper-->\n\n    \n\t<h2 class=\"woocommerce-loop-product__title\">\n\t\t<a href=\"https:\/\/tasteofthewildpetfood.eu\/index.php\/produit\/3094\/\"><\/a>\n\t<\/h2>\n\n\t\n        <div class=\"product_after_shop_loop\">\n        <div class=\"product_after_shop_loop_switcher\">\n    \n            \n\n            <\/div>\n    <\/div>\n    \n\t\n<\/li>\n<li class=\"product type-product post-3097 status-publish last instock product_cat-formules-pour-chats product_cat-taste-of-the-wild-prey has-post-thumbnail shipping-taxable product-type-simple\">\n\n\t\n    <div class=\"product_thumbnail_wrapper \">\n\n\t\t<a href=\"https:\/\/tasteofthewildpetfood.eu\/index.php\/produit\/3097\/\" class=\"woocommerce-LoopProduct-link woocommerce-loop-product__link\">\n\n\t        <div class=\"product_thumbnail with_second_image\">\n\t            <span class=\"product_thumbnail_background\" style=\"background-image:url(https:\/\/tasteofthewildpetfood.eu\/wp-content\/uploads\/2020\/11\/Taste-of-the-Wild-I-Whole-Prey-I-Cat-Turkey-350x435.jpg)\"><\/span>\n\t            <img width=\"350\" height=\"435\" src=\"https:\/\/tasteofthewildpetfood.eu\/wp-content\/uploads\/2020\/11\/PREY-TurkeyCat-FR-350x435.jpg\" class=\"attachment-woocommerce_thumbnail size-woocommerce_thumbnail\" alt=\"\" loading=\"lazy\" \/>\t        <\/div><!--.product_thumbnail-->\n\t\t<\/a>\n\n\t\t\t\t\t\t\t\n\t\t\n\t\t        <div class=\"product_thumbnail_icons\">\n            <a href=\"#\" id=\"product_id_3097\" class=\"product_quickview_button\" data-product_id=\"3097\"><\/a>                            <div class=\"icons-separator\"><\/div>\n                        \n<div class=\"yith-wcwl-add-to-wishlist add-to-wishlist-3097  wishlist-fragment on-first-load\" data-fragment-ref=\"3097\" data-fragment-options=\"{&quot;base_url&quot;:&quot;&quot;,&quot;in_default_wishlist&quot;:false,&quot;is_single&quot;:false,&quot;show_exists&quot;:false,&quot;product_id&quot;:3097,&quot;parent_product_id&quot;:3097,&quot;product_type&quot;:&quot;simple&quot;,&quot;show_view&quot;:false,&quot;browse_wishlist_text&quot;:&quot;Voir la liste d\\u2019envies&quot;,&quot;already_in_wishslist_text&quot;:&quot;Le produit est d\\u00e9j\\u00e0 dans votre liste de souhaits\\u00a0!&quot;,&quot;product_added_text&quot;:&quot;Produit ajout\\u00e9 !&quot;,&quot;heading_icon&quot;:&quot;fa-heart-o&quot;,&quot;available_multi_wishlist&quot;:false,&quot;disable_wishlist&quot;:false,&quot;show_count&quot;:false,&quot;ajax_loading&quot;:false,&quot;loop_position&quot;:&quot;after_add_to_cart&quot;,&quot;item&quot;:&quot;add_to_wishlist&quot;}\">\n\t\t\t\n\t\t\t<!-- ADD TO WISHLIST -->\n\t\t\t\n<div class=\"yith-wcwl-add-button\">\n\t<a href=\"?add_to_wishlist=3097\" rel=\"nofollow\" data-product-id=\"3097\" data-product-type=\"simple\" data-original-product-id=\"3097\" class=\"add_to_wishlist single_add_to_wishlist\" data-title=\"Ajouter \u00e0 la liste d\u2019envies\">\n\t\t<i class=\"yith-wcwl-icon fa fa-heart-o\"><\/i>\t\t<span>Ajouter \u00e0 la liste d\u2019envies<\/span>\n\t<\/a>\n<\/div>\n\t\t\t<!-- COUNT TEXT -->\n\t\t\t\n\t\t\t<\/div>        <\/div>\n    \n\t\t\n    <\/div><!--.product_thumbnail_wrapper-->\n\n    \n\t<h2 class=\"woocommerce-loop-product__title\">\n\t\t<a href=\"https:\/\/tasteofthewildpetfood.eu\/index.php\/produit\/3097\/\"><\/a>\n\t<\/h2>\n\n\t\n        <div class=\"product_after_shop_loop\">\n        <div class=\"product_after_shop_loop_switcher\">\n    \n            \n\n            <\/div>\n    <\/div>\n    \n\t\n<\/li>\n<\/ul>\n<\/div>[\/vc_column][\/vc_row][vc_row full_width=&#8221;stretch_row_content_no_spaces&#8221; equal_height=&#8221;yes&#8221; css_animation=&#8221;fadeIn&#8221;][vc_column width=&#8221;1\/2&#8243; css=&#8221;.vc_custom_1605715624170{padding-top: 25px !important;padding-bottom: 25px !important;background-image: url(http:\/\/tasteofthewildpetfood.eu\/wp-content\/uploads\/2020\/11\/wp-content_themes_tasteofthewild_img_prey_bluishtrout.jpg?id=3111) !important;background-position: center !important;background-repeat: no-repeat !important;background-size: cover !important;}&#8221;][vc_column_text css=&#8221;.vc_custom_1605715674849{margin-bottom: 25px !important;padding-top: 0px !important;padding-right: 65px !important;padding-bottom: 0px !important;padding-left: 65px !important;}&#8221;]<\/p>\n<h3 style=\"text-align: center; color: #ffffff;\"><strong>Les promesses des formules <\/strong><\/h3>\n<h3 style=\"text-align: center; color: #ffffff;\"><strong>Taste of the Wild PREY<\/strong><\/h3>\n<p>[\/vc_column_text][vc_column_text css=&#8221;.vc_custom_1605715680776{margin-bottom: 0px !important;padding-top: 0px !important;padding-right: 65px !important;padding-bottom: 0px !important;padding-left: 65px !important;}&#8221;]<\/p>\n<p style=\"text-align: center; color: #ffffff;\"><strong>Dans la gamme PREY, aucun ingr\u00e9dient n\u2019est l\u00e0 par hasard. Nous nous engageons \u00e0 \u00eatre clairs et transparents sur le contenu de nos produits et de la gamelle de votre compagnon. Taste of the Wild PREY, 4 ingr\u00e9dients cl\u00e9s ou moins: source de prot\u00e9ines animales (b\u0153uf Angus \u00e9lev\u00e9 en p\u00e2turages, de la dinde \u00e9lev\u00e9e en libert\u00e9 ou de la truite sauvage d\u2019eau douce), les lentilles, le marc de tomate et l&#8217;huile de tournesol. <\/strong><\/p>\n<p style=\"text-align: center; color: #ffffff;\"><strong>Pour toutes questions relatives \u00e0 l&#8217;utilisation d&#8217;un ingr\u00e9dient, consultez notre glossaire d&#8217;ingr\u00e9dients ou contactez-nous.<\/strong><\/p>\n<p>[\/vc_column_text][\/vc_column][vc_column width=&#8221;1\/2&#8243; css=&#8221;.vc_custom_1605715743228{padding-top: 25px !important;padding-bottom: 25px !important;background-image: url(http:\/\/tasteofthewildpetfood.eu\/wp-content\/uploads\/2020\/11\/blueangus_bkg_lg.jpg?id=3109) !important;background-position: center !important;background-repeat: no-repeat !important;background-size: cover !important;}&#8221;][vc_column_text css=&#8221;.vc_custom_1605715835228{margin-bottom: 30px !important;padding-top: 0px !important;padding-right: 65px !important;padding-bottom: 0px !important;padding-left: 65px !important;}&#8221;]<\/p>\n<h3 style=\"text-align: center; color: #ffffff;\"><strong>Aucun d\u00e9chet carn\u00e9<br \/>\nou sous-produits d\u2019origine animale<\/strong><\/h3>\n<p>[\/vc_column_text][vc_column_text css=&#8221;.vc_custom_1605715996755{margin-bottom: 0px !important;padding-top: 0px !important;padding-right: 65px !important;padding-bottom: 0px !important;padding-left: 65px !important;}&#8221;]<\/p>\n<p style=\"text-align: center; color: #ffffff;\"><strong>La plupart du temps, la source de viandes dans les croquettes est cuite deux fois \u2014 par le fournisseur de viandes et ensuite par le fabricant. Nos viandes ne sont cuites qu&#8217;une seule fois, dans notre cuisine dernier cri afin de pr\u00e9server l&#8217;int\u00e9grit\u00e9 nutritionnelle de ces derni\u00e8res. Taste of the Wild PREY regroupent des recettes \u00e9labor\u00e9es \u00e0 partir d\u2019une seule source de prot\u00e9ine animale de qualit\u00e9.<\/strong><\/p>\n<p style=\"text-align: center; color: #ffffff;\"><strong>Une alimentation plus simple et plus saine, avec le moins d\u2019ingr\u00e9dients possible, transform\u00e9s au minimum.<\/strong><\/p>\n<p>[\/vc_column_text][\/vc_column][\/vc_row]<\/p>\n","protected":false},"excerpt":{"rendered":"<p>[vc_row full_width=&#8221;stretch_row_content_no_spaces&#8221; equal_height=&#8221;yes&#8221; css_animation=&#8221;fadeIn&#8221;][vc_column css=&#8221;.vc_custom_1605622537190{background-image: url(http:\/\/tasteofthewildpetfood.eu\/wp-content\/uploads\/2020\/11\/Taste-of-the-Wild-PREY-1.jpg?id=3041) !important;background-position: center !important;background-repeat: no-repeat !important;background-size: cover !important;}&#8221;][vc_single_image image=&#8221;3035&#8243; img_size=&#8221;medium&#8221; alignment=&#8221;center&#8221;][vc_column_text css=&#8221;.vc_custom_1605625129896{background-position: center !important;background-repeat: no-repeat !important;background-size: contain !important;}&#8221;] The pursuit of simplicity. [\/vc_column_text][vc_column_text css=&#8221;.vc_custom_1605711428006{padding-right: 400px !important;padding-bottom: 100px !important;padding-left: 400px !important;background-position: center !important;background-repeat: no-repeat !important;background-size: contain !important;}&#8221;] \u00c0 l\u2019\u00e9tat sauvage, nos animaux se nourrissaient d\u2019un r\u00e9gime simple, essentiellement compos\u00e9 de proies [&hellip;]<\/p>\n","protected":false},"author":1,"featured_media":0,"parent":2876,"menu_order":0,"comment_status":"closed","ping_status":"closed","template":"page-boxed.php","meta":[],"_links":{"self":[{"href":"https:\/\/tasteofthewildpetfood.eu\/index.php\/wp-json\/wp\/v2\/pages\/529"}],"collection":[{"href":"https:\/\/tasteofthewildpetfood.eu\/index.php\/wp-json\/wp\/v2\/pages"}],"about":[{"href":"https:\/\/tasteofthewildpetfood.eu\/index.php\/wp-json\/wp\/v2\/types\/page"}],"author":[{"embeddable":true,"href":"https:\/\/tasteofthewildpetfood.eu\/index.php\/wp-json\/wp\/v2\/users\/1"}],"replies":[{"embeddable":true,"href":"https:\/\/tasteofthewildpetfood.eu\/index.php\/wp-json\/wp\/v2\/comments?post=529"}],"version-history":[{"count":133,"href":"https:\/\/tasteofthewildpetfood.eu\/index.php\/wp-json\/wp\/v2\/pages\/529\/revisions"}],"predecessor-version":[{"id":3141,"href":"https:\/\/tasteofthewildpetfood.eu\/index.php\/wp-json\/wp\/v2\/pages\/529\/revisions\/3141"}],"up":[{"embeddable":true,"href":"https:\/\/tasteofthewildpetfood.eu\/index.php\/wp-json\/wp\/v2\/pages\/2876"}],"wp:attachment":[{"href":"https:\/\/tasteofthewildpetfood.eu\/index.php\/wp-json\/wp\/v2\/media?parent=529"}],"curies":[{"name":"wp","href":"https:\/\/api.w.org\/{rel}","templated":true}]}}